 a(w) = -4*w - 3. Let i(f) = -2*f + 2*f - f - 1. Let m be i(2). What is the units digit of a(m)?
9
What is the units digit of 0/(2 + 2) + 1?
1
Let j(m) = -m**2 + 6*m + 4. Let x be j(6). Suppose -2 = 3*w - x*w. Let l = w - 0. What is the units digit of l?
2
Let h(s) = s + 41. What is the tens digit of h(-17)?
2
Suppose 5*u = -5*d + 350, u + 4*d - 17 = 65. What is the tens digit of u?
6
Suppose b = -z + 152, 2*z - 3*z + 142 = -4*b. What is the units digit of z?
0
Suppose 4*z = -178 + 674. What is the hundreds digit of z?
1
Suppose 0 = 5*m - 3*v - 23, 2*v + 4 + 2 = m. What is the units digit of m?
4
Suppose 0*r + 190 = 5*r. What is the units digit of r?
8
Let r = -14 - -11. Let l = 4 - r. What is the units digit of l?
7
Let z(h) = h**3 - h**2 - 4*h + 4. Suppose 0 = -0*f - 3*f + 6. Suppose u - 5 = -f. What is the units digit of z(u)?
0
Let w = -1 + 0. Let j = 21 + -23. What is the units digit of (j/(-5))/(w/(-35))?
4
Let a = 218 + -92. What is the hundreds digit of a?
1
Suppose 14 = 2*c + 4*y - 3*y, 4*c = 4*y + 52. Suppose 0 = -3*j - c, 0 = -5*p - j - 4*j - 5. Suppose p*u - 15 = -5. What is the units digit of u?
5
Suppose -4 = 3*z - 5*z. What is the units digit of 0 + 0/2 + z?
2
Suppose -7*q = -3*q - 8. What is the units digit of q?
2
Let g(d) = d**2 - 8*d - 30. What is the tens digit of g(13)?
3
Suppose -4*w = 4 - 16. Suppose -n - w*g + 0*g + 21 = 0, -30 = -3*n + 2*g. Suppose 0 = -3*v + 4*v - 5*k - 34, 4*k - n = -2*v. What is the tens digit of v?
1
Suppose 3*q = -7*v + 2*v + 1930, 5*v - 1930 = 3*q. What is the units digit of v?
6
Let l(g) = -3*g - 31*g + 9*g. Let p be l(-1). Let h = 43 - p. What is the units digit of h?
8
Let s(d) = -d**2 + 5*d + 8. Let v be s(6). Let k(l) = 19*l - 2. What is the units digit of k(v)?
6
Suppose 4*z - 13 = 3. Suppose k + 4*k = -5, -w + 12 = -z*k. What is the units digit of w/(-6)*72/(-16)?
6
Let l be (-4)/12 - (-67)/3. Let y = l - 31. What is the units digit of 6/y - 70/(-6)?
1
Let m = -5 - -11. Let t = m + -2. What is the units digit of t?
4
Let g be (-12)/18*(-9)/2. Suppose 26 - 161 = -g*k. What is the units digit of k?
5
Let o be 1*-3*-4 - 0. Suppose -2*w + 39 = 5*k + 6, -2*k + o = 2*w. What is the units digit of k?
7
Let k(o) = -o**3 - 5*o**2 - o - 4. Let p be k(-4). Let u be (-4)/p - 37/4. Let n(s) = s**2 + 8*s - 6. What is the units digit of n(u)?
3
What is the units digit of 897/21 - (-4)/14?
3
Suppose 4*q + 0*q - 20 = 0. Let i be q*(2 + 16/(-10)). Suppose 0 = 4*u, -i*p + u + 3 = -13. What is the units digit of p?
8
Let v(t) = 2*t + 10 + 3*t - 4*t. Let l be v(-8). Suppose 5*b - 3*d = 5, l*d + 5 = 3*d. What is the units digit of b?
4
Suppose 0 = -0*k - k - 5*u + 18, 3*k + 31 = 2*u. Let d(t) = t + 20. What is the tens digit of d(k)?
1
Let s(c) = c**3 + 7*c**2 + c + 1. Let h be s(-7). What is the units digit of -3*((-16)/h - 3)?
1
Let d be (-4)/(-18) - 4/18. Suppose d = -4*k + 3*k + 7. What is the units digit of k?
7
Let n(p) = -p. Let o(c) = -3*c + 6. Let y(z) = z**3 + 6*z**2 - 2*z - 8. Let m be y(-6). Let k be o(m). What is the units digit of n(k)?
6
Let b(o) be the second derivative of -o**4/12 + 2*o**3/3 + 3*o**2/2 + 2*o. Let c be b(4). Suppose p - c = -0. What is the units digit of p?
3
Suppose 0 = -3*b - 0*b + 180. What is the units digit of b?
0
Suppose 5*p - 607 = 2*v, 3*p = 16*v - 11*v + 368. What is the hundreds digit of p?
1
Suppose l + 0*l = 5. Suppose -88 = -5*n + 12. Suppose -3*x + 3*s + 45 = 0, -2*x - l*s + 17 = -n. What is the units digit of x?
6
Let f = 6 - 28. Let d = f + 34. Suppose 5*o - d = 3*o. What is the units digit of o?
6
Let t(w) = -w + 5. Let r be t(0). Suppose r*y + 10 = 0, 0 = -c + 5*c - 5*y - 18. What is the units digit of c?
2
Suppose h = 1, x + 4*x + 2*h - 112 = 0. Let d = x + -14. What is the units digit of d?
8
Suppose 3*x = -x + 8. Suppose r = 2*c - 51, -x*c + r - 2*r + 49 = 0. What is the units digit of c?
5
Let b be ((-15)/(-12))/((-1)/(-4)). Suppose -h + b*k + 33 = 0, 1 - 4 = 3*k. What is the tens digit of h?
2
Let x = -49 + 80. Let w = x + -13. What is the units digit of w?
8
Let k(t) = -t. Let d be k(4). Let q be 5/(1/2*2). Let x = q + d. What is the units digit of x?
1
Let q(f) = -2*f**2 + 6*f - 1. Let k be q(4). Let b be (k + -5)*1/2. Let s = 13 + b. What is the units digit of s?
6
Let d(w) = 3*w**3 + w**2 + w - 1. Let a be d(1). Suppose 0 = -3*g - 2*l - 8, -a*g + 0*l = 2*l + 8. Suppose g = b - 5*b + 76. What is the units digit of b?
9
Suppose 0*m = -5*m + 985. What is the hundreds digit of m?
1
What is the tens digit of ((-660)/3)/(-4) + 0?
5
Suppose -3*n = 2*n - 15. Suppose 5*p + 5 = k, 3*p + k - 2 = n. Suppose g - 17 = -3*o, p = 4*g + g - 25. What is the units digit of o?
4
Suppose 0 = y + 5*i - 18, -5 - 11 = -2*y - 5*i. Let x be 0 + (0 - y) - 3. What is the units digit of (x + 8)*(-2 + 3)?
7
Let y(d) be the second derivative of -d**5/20 - d**4/3 + 5*d**3/6 - d**2 + d. Let s be y(-5). What is the units digit of 1/(-2) - 9/s?
4
Suppose 0 = -r + 5*b + 298, 4*r - 668 = -4*b + 548. What is the hundreds digit of r?
3
Suppose -4*q + 86 = 2*x, x - q = -0*x + 40. What is the units digit of x?
1
What is the units digit of (((-141)/9)/((-3)/9))/1?
7
Let s(n) be the second derivative of n**3/3 - n**2/2 - 2*n. Let j be s(-2). What is the units digit of (-6)/(-15) - 33/j?
7
Suppose -3*n - 3 = -v - 41, -48 = -4*n + 2*v. Suppose i = n + 2. What is the tens digit of i?
1
Let q(i) = 3*i - 2*i + 2*i**2 + 2*i**2. Let p = 2 - 3. What is the units digit of q(p)?
3
What is the units digit of (-1472)/(-20) + ((-6)/5)/2?
3
Let w = 53 - 75. Let h(k) = k**3 + 5*k**2 + 3*k - 2. Let v be h(-4). What is the units digit of (-1)/v + (-297)/w?
3
Let c(r) = -r**2 - 10*r + 5. Let y be c(-12). Let f = y + 36. What is the tens digit of f?
1
Let q(z) = z**3 + 4*z**2 - 5*z + 5. Let b be q(-5). Suppose m + 0*m + b*p = 21, -61 = -4*m + 3*p. What is the units digit of m?
6
Let t be (0 - -1) + 0 - -1. Let c be 9 + (-2)/t + 0. Suppose -4*x - c - 9 = 3*s, 0 = 4*s + 4*x + 16. What is the units digit of s?
1
Suppose 4*r = -4 - 44. Let u be ((-27)/r)/((-3)/(-32)). Let y = u - 12. What is the tens digit of y?
1
Suppose d - 2 = 3. What is the units digit of d?
5
Suppose -n + 4*c = 4*n - 17, 0 = 3*n - 4*c - 7. Suppose -6*i = -n*i - 10. What is the tens digit of i?
1
Suppose 0*d + 2*d = k - 11, 0 = -k + 4*d + 3. Let o = 30 - k. Suppose -o - 29 = -5*r. What is the units digit of r?
8
Suppose -5*p + 19 = -3*o, 0*o + 5*o = -3*p + 25. Suppose -b - 12 = -4*b - 4*w, -9 = -p*b - 3*w. Suppose -2*m - 2*m + 28 = b. What is the units digit of m?
7
Suppose 5*z - 18 = -3. Let y be (-34)/(-8) + (-3)/(-4). Suppose -j = z*x - 5, 0*x - j = y*x - 7. What is the units digit of x?
1
Let f = -2 + 3. Let l = 0 - f. What is the units digit of (-5 + l)/(12/(-16))?
8
Let j(o) = 4*o + 2. Let w(l) = 2*l + 1. Let z(b) = 6*j(b) - 13*w(b). Suppose 3*n + 3*a = a - 19, 3*a + 6 = 0. What is the units digit of z(n)?
9
Let s(v) = 6*v**2. Suppose j + 0 = 1. Let b be s(j). Suppose -4*i - d + 4 + 7 = 0, -2*d + b = 4*i. What is the units digit of i?
4
Let i(z) = -26*z - 5. Let n be i(-4). Let l be 4/14 - n/(-21). Suppose 0 = -l*v - 4 + 34. What is the units digit of v?
6
What is the tens digit of (2/3)/((-2)/173)*-3?
7
Let z be 2 + -31 - 6/(-2). Let u = z - -41. What is the tens digit of u?
1
Suppose 0 = a - 6*a + 5*p + 5, -5*a + 2*p + 11 = 0. What is the units digit of a?
3
What is the units digit of 23 - 1*-8*14/28?
7
Let i = 395 + -282. What is the tens digit of i?
1
Let l = -5 - -10. Suppose 18 + 7 = l*h. What is the tens digit of ((-8)/h)/(10/(-75))?
1
What is the tens digit of -191*(4/(-22) - 144/176)?
9
Suppose -5*z - 151 = -3*c, z + 99 = 2*c - 2*z. What is the units digit of c?
2
Let a = -57 + 74. What is the units digit of a?
7
Suppose -3*s + 0*s = -w, -3*s = w. Suppose -28 = -5*u + 2*q, -7*u + q + 24 = -2*u. Suppose -32 = -s*g - u*g. What is the units digit of g?
8
Suppose v - 5 = -0. What is the units digit of v?
5
Let j(t) = -2*t**3 - 5*t**2 - 3*t - 3. Let i be j(-4). Let z = 32 - i. What is the units digit of (-10)/z + 28/5?
6
Suppose -2*m - 281 = -5*m + g, -2*m = 5*g - 193. What is the units digit of m?
4
Suppose -4*h - 78 = -v, 0*h - 318 = -5*v + 2*h. What is the units digit of v?
2
Suppose -260 = -3*v - v. Let u be (1/4)/(1/12). Supp